{"id":138,"date":"2014-05-15T20:19:23","date_gmt":"2014-05-15T19:19:23","guid":{"rendered":"http:\/\/motopraxis.wordpress.com\/?page_id=138"},"modified":"2014-06-20T09:30:42","modified_gmt":"2014-06-20T07:30:42","slug":"literatur-und-links","status":"publish","type":"page","link":"https:\/\/www.motopraxis.at\/?page_id=138","title":{"rendered":"Literatur und Links"},"content":{"rendered":"<p>www.motogeragogik.org<\/p>\n<p>www.motopaedagogik.org<\/p>\n<p>www.demenz-bewegen.org<\/p>\n<p>www.valeo.at<\/p>\n<p>www.motopaedagogik.at<\/p>\n<p>www.bewegung-und-entwicklung.com<\/p>\n<p>&nbsp;<\/p>\n<p>Pinter-Theiss, Steiner-Sch\u00e4tz, Lukesch, Sch\u00e4tz, Theiss (2014): Ich tue Ich kann Ich bin. Edition valeo<\/p>\n<p>Eisenburger, Gst\u00f6ttner, Zak (2008): In Bewegungsrunden aktivieren. Vinzentz<\/p>\n<p>Eisenburger (2012): Aktivieren &amp; Bewegen von \u00e4lteren Menschen. Meyer&amp;Meyer<\/p>\n<p>Eisenburger (2012): &#8222;Zuerst muss die Seele bewegt werden&#8230;&#8220;. Verlag modernes Lernen &#8211; Dortmund<\/p>\n<p>Eisenburger, Zak (2013): Bewegte Begegnungsstunden f\u00fcr Menschen mit Demenz. Meyer&amp;Meyer<\/p>\n","protected":false},"excerpt":{"rendered":"<p>www.motogeragogik.org www.motopaedagogik.org www.demenz-bewegen.org www.valeo.at www.motopaedagogik.at www.bewegung-und-entwicklung.com &nbsp; Pinter-Theiss, Steiner-Sch\u00e4tz, Lukesch, Sch\u00e4tz, Theiss (2014): Ich tue Ich kann Ich bin. Edition valeo Eisenburger, Gst\u00f6ttner, Zak (2008): In Bewegungsrunden aktivieren. Vinzentz Eisenburger (2012): Aktivieren &amp; Bewegen von \u00e4lteren Menschen. Meyer&amp;Meyer Eisenburger (2012): &#8222;Zuerst muss die Seele bewegt werden&#8230;&#8220;. Verlag modernes Lernen &#8211; Dortmund Eisenburger, Zak (2013): Bewegte [&hellip;]<\/p>\n","protected":false},"author":2,"featured_media":0,"parent":0,"menu_order":0,"comment_status":"open","ping_status":"open","template":"","meta":{"footnotes":""},"class_list":["post-138","page","type-page","status-publish","hentry"],"_links":{"self":[{"href":"https:\/\/www.motopraxis.at\/index.php?rest_route=\/wp\/v2\/pages\/138","targetHints":{"allow":["GET"]}}],"collection":[{"href":"https:\/\/www.motopraxis.at\/index.php?rest_route=\/wp\/v2\/pages"}],"about":[{"href":"https:\/\/www.motopraxis.at\/index.php?rest_route=\/wp\/v2\/types\/page"}],"author":[{"embeddable":true,"href":"https:\/\/www.motopraxis.at\/index.php?rest_route=\/wp\/v2\/users\/2"}],"replies":[{"embeddable":true,"href":"https:\/\/www.motopraxis.at\/index.php?rest_route=%2Fwp%2Fv2%2Fcomments&post=138"}],"version-history":[{"count":1,"href":"https:\/\/www.motopraxis.at\/index.php?rest_route=\/wp\/v2\/pages\/138\/revisions"}],"predecessor-version":[{"id":173,"href":"https:\/\/www.motopraxis.at\/index.php?rest_route=\/wp\/v2\/pages\/138\/revisions\/173"}],"wp:attachment":[{"href":"https:\/\/www.motopraxis.at\/index.php?rest_route=%2Fwp%2Fv2%2Fmedia&parent=138"}],"curies":[{"name":"wp","href":"https:\/\/api.w.org\/{rel}","templated":true}]}}