{"id":49,"date":"2014-04-01T20:44:32","date_gmt":"2014-04-01T20:44:32","guid":{"rendered":"http:\/\/motopraxis.wordpress.com\/?page_id=49"},"modified":"2014-06-20T09:30:42","modified_gmt":"2014-06-20T07:30:42","slug":"was-ist-motogeragogik","status":"publish","type":"page","link":"https:\/\/www.motopraxis.at\/?page_id=49","title":{"rendered":"Was ist Motogeragogik?"},"content":{"rendered":"<p><a href=\"http:\/\/motopraxis.files.wordpress.com\/2014\/04\/motogera.png\"><img loading=\"lazy\" decoding=\"async\" class=\"alignnone size-full wp-image-14\" src=\"http:\/\/motopraxis.files.wordpress.com\/2014\/04\/motogera.png\" alt=\"Motogera\" width=\"216\" height=\"178\" \/><\/a><br \/>\nWer sich bewegt, bleibt beweglich: k\u00f6rperlich, geistig und emotional!<br \/>\nZufrieden altern kann man, indem man seine Selbst\u00e4ndigkeit erh\u00e4lt, soziale Kontakte n\u00fctzt und mit Bewegung seine Fitness bewahrt.<br \/>\nDer Mensch braucht Bewegung um beweglich zu bleiben.<br \/>\nMotogeragogik schafft viele Situationen, in denen sich der Mensch bewegt.<br \/>\nSchwerpunkte im motogeragogischen Bewegungsangebot bilden das gemeinsame Spiel sowie die Entwicklung eigener Ideen.<br \/>\nDie Teilnehmer sollen sp\u00fcren:<br \/>\n\u201eEs geht noch etwas!\u201c<\/p>\n","protected":false},"excerpt":{"rendered":"<p>Wer sich bewegt, bleibt beweglich: k\u00f6rperlich, geistig und emotional! Zufrieden altern kann man, indem man seine Selbst\u00e4ndigkeit erh\u00e4lt, soziale Kontakte n\u00fctzt und mit Bewegung seine Fitness bewahrt. Der Mensch braucht Bewegung um beweglich zu bleiben. Motogeragogik schafft viele Situationen, in denen sich der Mensch bewegt. Schwerpunkte im motogeragogischen Bewegungsangebot bilden das gemeinsame Spiel sowie die [&hellip;]<\/p>\n","protected":false},"author":2,"featured_media":0,"parent":25,"menu_order":0,"comment_status":"open","ping_status":"open","template":"","meta":{"footnotes":""},"class_list":["post-49","page","type-page","status-publish","hentry"],"_links":{"self":[{"href":"https:\/\/www.motopraxis.at\/index.php?rest_route=\/wp\/v2\/pages\/49","targetHints":{"allow":["GET"]}}],"collection":[{"href":"https:\/\/www.motopraxis.at\/index.php?rest_route=\/wp\/v2\/pages"}],"about":[{"href":"https:\/\/www.motopraxis.at\/index.php?rest_route=\/wp\/v2\/types\/page"}],"author":[{"embeddable":true,"href":"https:\/\/www.motopraxis.at\/index.php?rest_route=\/wp\/v2\/users\/2"}],"replies":[{"embeddable":true,"href":"https:\/\/www.motopraxis.at\/index.php?rest_route=%2Fwp%2Fv2%2Fcomments&post=49"}],"version-history":[{"count":1,"href":"https:\/\/www.motopraxis.at\/index.php?rest_route=\/wp\/v2\/pages\/49\/revisions"}],"predecessor-version":[{"id":180,"href":"https:\/\/www.motopraxis.at\/index.php?rest_route=\/wp\/v2\/pages\/49\/revisions\/180"}],"up":[{"embeddable":true,"href":"https:\/\/www.motopraxis.at\/index.php?rest_route=\/wp\/v2\/pages\/25"}],"wp:attachment":[{"href":"https:\/\/www.motopraxis.at\/index.php?rest_route=%2Fwp%2Fv2%2Fmedia&parent=49"}],"curies":[{"name":"wp","href":"https:\/\/api.w.org\/{rel}","templated":true}]}}