{"id":789,"date":"2022-06-30T20:19:37","date_gmt":"2022-06-30T18:19:37","guid":{"rendered":"https:\/\/www.motopraxis.at\/?page_id=789"},"modified":"2022-06-30T20:19:37","modified_gmt":"2022-06-30T18:19:37","slug":"praxisgschichtln","status":"publish","type":"page","link":"https:\/\/www.motopraxis.at\/?page_id=789","title":{"rendered":"Praxisg&#8217;schichtln"},"content":{"rendered":"<ul class=\"wp-block-latest-posts__list wp-block-latest-posts\"><li><a class=\"wp-block-latest-posts__post-title\" href=\"https:\/\/www.motopraxis.at\/?p=768\">KIGEBE Kongress Online<\/a><\/li>\n<li><a class=\"wp-block-latest-posts__post-title\" href=\"https:\/\/www.motopraxis.at\/?p=762\">Bodega moves &#8211; Bodywork meets Yoga<\/a><\/li>\n<li><a class=\"wp-block-latest-posts__post-title\" href=\"https:\/\/www.motopraxis.at\/?p=743\">Intergenerative Stunden<\/a><\/li>\n<li><a class=\"wp-block-latest-posts__post-title\" href=\"https:\/\/www.motopraxis.at\/?p=734\">Putzparty<\/a><\/li>\n<li><a class=\"wp-block-latest-posts__post-title\" href=\"https:\/\/www.motopraxis.at\/?p=722\">Margaretaheim meets Mittelschule<\/a><\/li>\n<li><a class=\"wp-block-latest-posts__post-title\" href=\"https:\/\/www.motopraxis.at\/?p=717\">Kulinarische Reise mit Reis(sackerl)<\/a><\/li>\n<li><a class=\"wp-block-latest-posts__post-title\" href=\"https:\/\/www.motopraxis.at\/?p=710\">Hitzefrei?<\/a><\/li>\n<li><a class=\"wp-block-latest-posts__post-title\" href=\"https:\/\/www.motopraxis.at\/?p=701\">Str\u00fcmpfe<\/a><\/li>\n<li><a class=\"wp-block-latest-posts__post-title\" href=\"https:\/\/www.motopraxis.at\/?p=688\">Weihnachtsfriede???<\/a><\/li>\n<li><a class=\"wp-block-latest-posts__post-title\" href=\"https:\/\/www.motopraxis.at\/?p=685\">Vorweihnachtlicher Trubel<\/a><\/li>\n<li><a class=\"wp-block-latest-posts__post-title\" href=\"https:\/\/www.motopraxis.at\/?p=682\">Verhext<\/a><\/li>\n<li><a class=\"wp-block-latest-posts__post-title\" href=\"https:\/\/www.motopraxis.at\/?p=677\">Schulbeginn<\/a><\/li>\n<li><a class=\"wp-block-latest-posts__post-title\" href=\"https:\/\/www.motopraxis.at\/?p=671\">Tastabenteuer<\/a><\/li>\n<li><a class=\"wp-block-latest-posts__post-title\" href=\"https:\/\/www.motopraxis.at\/?p=661\">Motop\u00e4dagogik in der Schule<\/a><\/li>\n<li><a class=\"wp-block-latest-posts__post-title\" href=\"https:\/\/www.motopraxis.at\/?p=653\">Hilfe f\u00fcr den Osterhasen &#8211; Eine Win-Win Situation<\/a><\/li>\n<li><a class=\"wp-block-latest-posts__post-title\" href=\"https:\/\/www.motopraxis.at\/?p=649\">Nur 2 Worte<\/a><\/li>\n<li><a class=\"wp-block-latest-posts__post-title\" href=\"https:\/\/www.motopraxis.at\/?p=644\">Faschingsspa\u00df<\/a><\/li>\n<li><a class=\"wp-block-latest-posts__post-title\" href=\"https:\/\/www.motopraxis.at\/?p=640\">A so a Hetz!<\/a><\/li>\n<li><a class=\"wp-block-latest-posts__post-title\" href=\"https:\/\/www.motopraxis.at\/?p=624\">Motop\u00e4dagogik in der Milleniumschule Ulrichskirchen &#8211; Schleinbach<\/a><\/li>\n<li><a class=\"wp-block-latest-posts__post-title\" href=\"https:\/\/www.motopraxis.at\/?p=618\">Neue Wege &#8211; zur\u00fcck aus der Sommerpause<\/a><\/li>\n<li><a class=\"wp-block-latest-posts__post-title\" href=\"https:\/\/www.motopraxis.at\/?p=611\">Meine Senioren<\/a><\/li>\n<li><a class=\"wp-block-latest-posts__post-title\" href=\"https:\/\/www.motopraxis.at\/?p=605\">Eltern-Kind-Stunden<\/a><\/li>\n<li><a class=\"wp-block-latest-posts__post-title\" href=\"https:\/\/www.motopraxis.at\/?p=600\">Maulwurfsh\u00fcgel und Sumpf<\/a><\/li>\n<li><a class=\"wp-block-latest-posts__post-title\" href=\"https:\/\/www.motopraxis.at\/?p=592\">Rote B\u00e4nder<\/a><\/li>\n<li><a class=\"wp-block-latest-posts__post-title\" href=\"https:\/\/www.motopraxis.at\/?p=589\">Kongress &#8222;Kinder gesund bewegen&#8220;<\/a><\/li>\n<li><a class=\"wp-block-latest-posts__post-title\" href=\"https:\/\/www.motopraxis.at\/?p=580\">Das kleine Tor<\/a><\/li>\n<li><a class=\"wp-block-latest-posts__post-title\" href=\"https:\/\/www.motopraxis.at\/?p=573\">Brausesause<\/a><\/li>\n<li><a class=\"wp-block-latest-posts__post-title\" href=\"https:\/\/www.motopraxis.at\/?p=566\">Fotogalerie Faschingsdienstag<\/a><\/li>\n<li><a class=\"wp-block-latest-posts__post-title\" href=\"https:\/\/www.motopraxis.at\/?p=562\">Warm anziehen!<\/a><\/li>\n<li><a class=\"wp-block-latest-posts__post-title\" href=\"https:\/\/www.motopraxis.at\/?p=555\">Moto f\u00fcr Alt und Jung &#8211; von fr\u00fch bis sp\u00e4t<\/a><\/li>\n<li><a class=\"wp-block-latest-posts__post-title\" href=\"https:\/\/www.motopraxis.at\/?p=553\">Kongress &#8222;Kinder gesund bewegen&#8220;<\/a><\/li>\n<li><a class=\"wp-block-latest-posts__post-title\" href=\"https:\/\/www.motopraxis.at\/?p=549\">Jahresr\u00fcckblick<\/a><\/li>\n<li><a class=\"wp-block-latest-posts__post-title\" href=\"https:\/\/www.motopraxis.at\/?p=545\">Von drau\u00df` vom Walde komm ich her&#8230;<\/a><\/li>\n<li><a class=\"wp-block-latest-posts__post-title\" href=\"https:\/\/www.motopraxis.at\/?p=541\">Neuanmeldung Kleinstkinderturnen<\/a><\/li>\n<li><a class=\"wp-block-latest-posts__post-title\" href=\"https:\/\/www.motopraxis.at\/?p=536\">Die Zuckerpuppe aus der K\u00fcche<\/a><\/li>\n<li><a class=\"wp-block-latest-posts__post-title\" href=\"https:\/\/www.motopraxis.at\/?p=530\">Ein bisschen Spa\u00df muss sein<\/a><\/li>\n<li><a class=\"wp-block-latest-posts__post-title\" href=\"https:\/\/www.motopraxis.at\/?p=528\">Das Zeitungsblatt<\/a><\/li>\n<li><a class=\"wp-block-latest-posts__post-title\" href=\"https:\/\/www.motopraxis.at\/?p=519\">Was der Herbst beschert<\/a><\/li>\n<li><a class=\"wp-block-latest-posts__post-title\" href=\"https:\/\/www.motopraxis.at\/?p=515\">Wie hei\u00dft sie doch gleich?<\/a><\/li>\n<li><a class=\"wp-block-latest-posts__post-title\" href=\"https:\/\/www.motopraxis.at\/?p=512\">Honig im Kopf<\/a><\/li>\n<li><a class=\"wp-block-latest-posts__post-title\" href=\"https:\/\/www.motopraxis.at\/?p=508\">Ma\u00dfarbeit<\/a><\/li>\n<li><a class=\"wp-block-latest-posts__post-title\" href=\"https:\/\/www.motopraxis.at\/?p=502\">Das Ding der Woche in Action<\/a><\/li>\n<li><a class=\"wp-block-latest-posts__post-title\" href=\"https:\/\/www.motopraxis.at\/?p=497\">Das Ding der Woche<\/a><\/li>\n<li><a class=\"wp-block-latest-posts__post-title\" href=\"https:\/\/www.motopraxis.at\/?p=495\">Neue Kurse<\/a><\/li>\n<li><a class=\"wp-block-latest-posts__post-title\" href=\"https:\/\/www.motopraxis.at\/?p=491\">Hitzefrei?<\/a><\/li>\n<li><a class=\"wp-block-latest-posts__post-title\" href=\"https:\/\/www.motopraxis.at\/?p=483\">Beerentassen<\/a><\/li>\n<li><a class=\"wp-block-latest-posts__post-title\" href=\"https:\/\/www.motopraxis.at\/?p=480\">Bring Farbe ins Leben!<\/a><\/li>\n<li><a class=\"wp-block-latest-posts__post-title\" href=\"https:\/\/www.motopraxis.at\/?p=477\">Wieder da!<\/a><\/li>\n<li><a class=\"wp-block-latest-posts__post-title\" href=\"https:\/\/www.motopraxis.at\/?p=471\">Motop\u00e4dagogik im Kindergarten<\/a><\/li>\n<li><a class=\"wp-block-latest-posts__post-title\" href=\"https:\/\/www.motopraxis.at\/?p=469\">Klassiker und Zwangspause<\/a><\/li>\n<li><a class=\"wp-block-latest-posts__post-title\" href=\"https:\/\/www.motopraxis.at\/?p=462\">Die Kleinen&#8230;<\/a><\/li>\n<li><a class=\"wp-block-latest-posts__post-title\" href=\"https:\/\/www.motopraxis.at\/?p=458\">Vertrieben!<\/a><\/li>\n<li><a class=\"wp-block-latest-posts__post-title\" href=\"https:\/\/www.motopraxis.at\/?p=455\">Die gro\u00dfe Sause<\/a><\/li>\n<li><a class=\"wp-block-latest-posts__post-title\" href=\"https:\/\/www.motopraxis.at\/?p=442\">Motop\u00e4dagogik kommt in die Schule!<\/a><\/li>\n<li><a class=\"wp-block-latest-posts__post-title\" href=\"https:\/\/www.motopraxis.at\/?p=433\">Auf kleinstem Raum<\/a><\/li>\n<li><a class=\"wp-block-latest-posts__post-title\" href=\"https:\/\/www.motopraxis.at\/?p=430\">Motop\u00e4dagogisches R\u00e4tsel<\/a><\/li>\n<li><a class=\"wp-block-latest-posts__post-title\" href=\"https:\/\/www.motopraxis.at\/?p=424\">Fasching in der Turnhalle<\/a><\/li>\n<li><a class=\"wp-block-latest-posts__post-title\" href=\"https:\/\/www.motopraxis.at\/?p=420\">Verlockende Locken<\/a><\/li>\n<li><a class=\"wp-block-latest-posts__post-title\" href=\"https:\/\/www.motopraxis.at\/?p=412\">Schneeb\u00e4lle<\/a><\/li>\n<li><a class=\"wp-block-latest-posts__post-title\" href=\"https:\/\/www.motopraxis.at\/?p=405\">Altkleidersack oder Motogeragogik?<\/a><\/li>\n<li><a class=\"wp-block-latest-posts__post-title\" href=\"https:\/\/www.motopraxis.at\/?p=400\">Start ins neue Jahr<\/a><\/li>\n<li><a class=\"wp-block-latest-posts__post-title\" href=\"https:\/\/www.motopraxis.at\/?p=397\">Tag der B\u00e4uerin 2015 &#8211; danach<\/a><\/li>\n<li><a class=\"wp-block-latest-posts__post-title\" href=\"https:\/\/www.motopraxis.at\/?p=395\">Tag der B\u00e4uerin 2015<\/a><\/li>\n<li><a class=\"wp-block-latest-posts__post-title\" href=\"https:\/\/www.motopraxis.at\/?p=393\">Auf kleinstem Raum<\/a><\/li>\n<li><a class=\"wp-block-latest-posts__post-title\" href=\"https:\/\/www.motopraxis.at\/?p=390\">Frohe Weihnachten<\/a><\/li>\n<li><a class=\"wp-block-latest-posts__post-title\" href=\"https:\/\/www.motopraxis.at\/?p=384\">Kalt wird`s!<\/a><\/li>\n<li><a class=\"wp-block-latest-posts__post-title\" href=\"https:\/\/www.motopraxis.at\/?p=374\">Motop\u00e4dagogisches Kleinstkinderturnen<\/a><\/li>\n<li><a class=\"wp-block-latest-posts__post-title\" href=\"https:\/\/www.motopraxis.at\/?p=369\">Sankt Martin mit den Senioren<\/a><\/li>\n<li><a class=\"wp-block-latest-posts__post-title\" href=\"https:\/\/www.motopraxis.at\/?p=361\">Mit allen Sinnen<\/a><\/li>\n<li><a class=\"wp-block-latest-posts__post-title\" href=\"https:\/\/www.motopraxis.at\/?p=358\">In der Einfachheit liegt der Weg<\/a><\/li>\n<li><a class=\"wp-block-latest-posts__post-title\" href=\"https:\/\/www.motopraxis.at\/?p=354\">Referentendasein<\/a><\/li>\n<li><a class=\"wp-block-latest-posts__post-title\" href=\"https:\/\/www.motopraxis.at\/?p=350\">Geronto-Psychomotorik Schwabach<\/a><\/li>\n<li><a class=\"wp-block-latest-posts__post-title\" href=\"https:\/\/www.motopraxis.at\/?p=344\">Maisernte<\/a><\/li>\n<li><a class=\"wp-block-latest-posts__post-title\" href=\"https:\/\/www.motopraxis.at\/?p=340\">Motop\u00e4dagogisches Kleinstkinderturnen<\/a><\/li>\n<li><a class=\"wp-block-latest-posts__post-title\" href=\"https:\/\/www.motopraxis.at\/?p=328\">Schuhl\u00f6ffel<\/a><\/li>\n<li><a class=\"wp-block-latest-posts__post-title\" href=\"https:\/\/www.motopraxis.at\/?p=325\">Zum Nachdenken<\/a><\/li>\n<li><a class=\"wp-block-latest-posts__post-title\" href=\"https:\/\/www.motopraxis.at\/?p=317\">Sommerfreuden<\/a><\/li>\n<li><a class=\"wp-block-latest-posts__post-title\" href=\"https:\/\/www.motopraxis.at\/?p=310\">&#8222;Wof\u00fcr brauchen Sie das denn?&#8220;<\/a><\/li>\n<li><a class=\"wp-block-latest-posts__post-title\" href=\"https:\/\/www.motopraxis.at\/?p=296\">Schwabach<\/a><\/li>\n<li><a class=\"wp-block-latest-posts__post-title\" href=\"https:\/\/www.motopraxis.at\/?p=286\">Vom Appellcharakter des Materials<\/a><\/li>\n<li><a class=\"wp-block-latest-posts__post-title\" href=\"https:\/\/www.motopraxis.at\/?p=283\">Umzug nach https:\/\/www.motopraxis.at<\/a><\/li>\n<li><a class=\"wp-block-latest-posts__post-title\" href=\"https:\/\/www.motopraxis.at\/?p=167\">Gastbeitrag Nina Lenz<\/a><\/li>\n<li><a class=\"wp-block-latest-posts__post-title\" href=\"https:\/\/www.motopraxis.at\/?p=157\">Schw\u00e4mme f\u00fcr Gro\u00df und Klein<\/a><\/li>\n<li><a class=\"wp-block-latest-posts__post-title\" href=\"https:\/\/www.motopraxis.at\/?p=154\">Kaffeekapselschachteln &#8211; Ein Aufruf<\/a><\/li>\n<li><a class=\"wp-block-latest-posts__post-title\" href=\"https:\/\/www.motopraxis.at\/?p=150\">Fr\u00fchlingsgef\u00fchle<\/a><\/li>\n<li><a class=\"wp-block-latest-posts__post-title\" href=\"https:\/\/www.motopraxis.at\/?p=147\">Der hei\u00dfe Boden<\/a><\/li>\n<li><a class=\"wp-block-latest-posts__post-title\" href=\"https:\/\/www.motopraxis.at\/?p=142\">Materialbar 1<\/a><\/li>\n<li><a class=\"wp-block-latest-posts__post-title\" href=\"https:\/\/www.motopraxis.at\/?p=134\">Betten \u00fcberziehen im Kindergarten<\/a><\/li>\n<li><a class=\"wp-block-latest-posts__post-title\" href=\"https:\/\/www.motopraxis.at\/?p=128\">Langb\u00e4nke<\/a><\/li>\n<li><a class=\"wp-block-latest-posts__post-title\" href=\"https:\/\/www.motopraxis.at\/?p=125\">Der Maibaum<\/a><\/li>\n<li><a class=\"wp-block-latest-posts__post-title\" href=\"https:\/\/www.motopraxis.at\/?p=121\">Motop\u00e4dagogik in Kagran 2<\/a><\/li>\n<li><a class=\"wp-block-latest-posts__post-title\" href=\"https:\/\/www.motopraxis.at\/?p=114\">Nachtrag Ostern im LPH Wolkersdorf<\/a><\/li>\n<li><a class=\"wp-block-latest-posts__post-title\" href=\"https:\/\/www.motopraxis.at\/?p=110\">Die Riesenschaukel<\/a><\/li>\n<li><a class=\"wp-block-latest-posts__post-title\" href=\"https:\/\/www.motopraxis.at\/?p=107\">Blument\u00f6pfe<\/a><\/li>\n<li><a class=\"wp-block-latest-posts__post-title\" href=\"https:\/\/www.motopraxis.at\/?p=102\">Prim\u00e4re Bewegungsbed\u00fcrfnisse<\/a><\/li>\n<li><a class=\"wp-block-latest-posts__post-title\" href=\"https:\/\/www.motopraxis.at\/?p=98\">Eltern-Kind-Turnen<\/a><\/li>\n<li><a class=\"wp-block-latest-posts__post-title\" href=\"https:\/\/www.motopraxis.at\/?p=96\">Riesengruppe<\/a><\/li>\n<li><a class=\"wp-block-latest-posts__post-title\" href=\"https:\/\/www.motopraxis.at\/?p=92\">Rollbrettfahrzeuge<\/a><\/li>\n<li><a class=\"wp-block-latest-posts__post-title\" href=\"https:\/\/www.motopraxis.at\/?p=90\">Ostereinheit im LPH Wolkersdorf<\/a><\/li>\n<li><a class=\"wp-block-latest-posts__post-title\" href=\"https:\/\/www.motopraxis.at\/?p=86\">Gastbeitrag Markus K\u00f6stler &#8211; Motop\u00e4dagogische Elemente im Fu\u00dfballtraining?<\/a><\/li>\n<\/ul>","protected":false},"excerpt":{"rendered":"","protected":false},"author":1,"featured_media":0,"parent":0,"menu_order":0,"comment_status":"closed","ping_status":"closed","template":"","meta":{"footnotes":""},"class_list":["post-789","page","type-page","status-publish","hentry"],"_links":{"self":[{"href":"https:\/\/www.motopraxis.at\/index.php?rest_route=\/wp\/v2\/pages\/789","targetHints":{"allow":["GET"]}}],"collection":[{"href":"https:\/\/www.motopraxis.at\/index.php?rest_route=\/wp\/v2\/pages"}],"about":[{"href":"https:\/\/www.motopraxis.at\/index.php?rest_route=\/wp\/v2\/types\/page"}],"author":[{"embeddable":true,"href":"https:\/\/www.motopraxis.at\/index.php?rest_route=\/wp\/v2\/users\/1"}],"replies":[{"embeddable":true,"href":"https:\/\/www.motopraxis.at\/index.php?rest_route=%2Fwp%2Fv2%2Fcomments&post=789"}],"version-history":[{"count":2,"href":"https:\/\/www.motopraxis.at\/index.php?rest_route=\/wp\/v2\/pages\/789\/revisions"}],"predecessor-version":[{"id":791,"href":"https:\/\/www.motopraxis.at\/index.php?rest_route=\/wp\/v2\/pages\/789\/revisions\/791"}],"wp:attachment":[{"href":"https:\/\/www.motopraxis.at\/index.php?rest_route=%2Fwp%2Fv2%2Fmedia&parent=789"}],"curies":[{"name":"wp","href":"https:\/\/api.w.org\/{rel}","templated":true}]}}